{"id":10220,"date":"2025-01-10T16:12:08","date_gmt":"2025-01-10T13:12:08","guid":{"rendered":"https:\/\/salpkids.com\/?product=bambu-hazeran-pecetelik"},"modified":"2025-03-11T16:29:48","modified_gmt":"2025-03-11T13:29:48","slug":"bambu-hazeran-pecetelik","status":"publish","type":"product","link":"https:\/\/salpkids.com\/?product=bambu-hazeran-pecetelik","title":{"rendered":"Bambu Hazeran Pe\u00e7etelik"},"content":{"rendered":"","protected":false},"excerpt":{"rendered":"<p>Bu zarif bambu hazeran pe\u00e7etelik, do\u011fal dokusuyla sofran\u0131za s\u0131cak bir \u015f\u0131kl\u0131k kat\u0131yor. Hazeran \u00f6rg\u00fc detaylar\u0131, geleneksel ve modern tasar\u0131m\u0131n kusursuz bir harman\u0131n\u0131 sunuyor. Estetik duru\u015fu kadar i\u015flevselli\u011fiyle de \u00f6ne \u00e7\u0131kan bu par\u00e7a, her ortamda g\u00f6z al\u0131c\u0131 bir aksesuar olmaya aday.<\/p>\n","protected":false},"featured_media":10482,"comment_status":"open","ping_status":"closed","template":"","meta":[],"product_cat":[144,131,130],"product_tag":[],"_links":{"self":[{"href":"https:\/\/salpkids.com\/index.php?rest_route=\/wp\/v2\/product\/10220"}],"collection":[{"href":"https:\/\/salpkids.com\/index.php?rest_route=\/wp\/v2\/product"}],"about":[{"href":"https:\/\/salpkids.com\/index.php?rest_route=\/wp\/v2\/types\/product"}],"replies":[{"embeddable":true,"href":"https:\/\/salpkids.com\/index.php?rest_route=%2Fwp%2Fv2%2Fcomments&post=10220"}],"wp:featuredmedia":[{"embeddable":true,"href":"https:\/\/salpkids.com\/index.php?rest_route=\/wp\/v2\/media\/10482"}],"wp:attachment":[{"href":"https:\/\/salpkids.com\/index.php?rest_route=%2Fwp%2Fv2%2Fmedia&parent=10220"}],"wp:term":[{"taxonomy":"product_cat","embeddable":true,"href":"https:\/\/salpkids.com\/index.php?rest_route=%2Fwp%2Fv2%2Fproduct_cat&post=10220"},{"taxonomy":"product_tag","embeddable":true,"href":"https:\/\/salpkids.com\/index.php?rest_route=%2Fwp%2Fv2%2Fproduct_tag&post=10220"}],"curies":[{"name":"wp","href":"https:\/\/api.w.org\/{rel}","templated":true}]}}