{"id":10370,"date":"2025-03-04T20:42:14","date_gmt":"2025-03-04T17:42:14","guid":{"rendered":"https:\/\/salpkids.com\/?product=borosilikat-cam-yagliksirkelik-250-ml"},"modified":"2026-01-12T18:54:16","modified_gmt":"2026-01-12T15:54:16","slug":"borosilikat-cam-yagliksirkelik-250-ml","status":"publish","type":"product","link":"https:\/\/salpkids.com\/?product=borosilikat-cam-yagliksirkelik-250-ml","title":{"rendered":"Borosilikat Cam Ya\u011fl\u0131k&amp;Sirkelik \/ 250 ML"},"content":{"rendered":"","protected":false},"excerpt":{"rendered":"<p>Mutfakta zarafeti ve fonksiyonelli\u011fi bir araya getiren bu borosilikat cam mini ya\u011fl\u0131k &amp; sirkelik, estetik tasar\u0131m\u0131yla sofralar\u0131n\u0131za \u015f\u0131kl\u0131k kat\u0131yor. Y\u00fcksek kaliteli borosilikat camdan \u00fcretilmi\u015f olmas\u0131 sayesinde hem dayan\u0131kl\u0131 hem de \u0131s\u0131ya kar\u015f\u0131 diren\u00e7li bir yap\u0131ya sahiptir. 250 ml hacmiyle mutfakta pratik bir kullan\u0131m sunarken, minimalist ve modern tasar\u0131m\u0131yla mutfak dekorunuza sofistike bir dokunu\u015f ekler. \u015eeffaf yap\u0131s\u0131 sayesinde i\u00e7eri\u011finizi net bir \u015fekilde g\u00f6rebilir, \u015f\u0131k d\u00f6kme ba\u015fl\u0131\u011f\u0131 ile kullan\u0131m kolayl\u0131\u011f\u0131 sa\u011flayabilirsiniz. G\u00fcnl\u00fck kullan\u0131m i\u00e7in ideal olan bu \u00f6zel par\u00e7a, mutfakta stil sahibi olman\u0131n en zarif yollar\u0131ndan biri!<\/p>\n<p>1 adet g\u00f6nderilmektedir.<\/p>\n<p>Makinede y\u0131kanabilir.<\/p>\n","protected":false},"featured_media":10420,"comment_status":"open","ping_status":"closed","template":"","meta":[],"product_cat":[15,137],"product_tag":[],"_links":{"self":[{"href":"https:\/\/salpkids.com\/index.php?rest_route=\/wp\/v2\/product\/10370"}],"collection":[{"href":"https:\/\/salpkids.com\/index.php?rest_route=\/wp\/v2\/product"}],"about":[{"href":"https:\/\/salpkids.com\/index.php?rest_route=\/wp\/v2\/types\/product"}],"replies":[{"embeddable":true,"href":"https:\/\/salpkids.com\/index.php?rest_route=%2Fwp%2Fv2%2Fcomments&post=10370"}],"wp:featuredmedia":[{"embeddable":true,"href":"https:\/\/salpkids.com\/index.php?rest_route=\/wp\/v2\/media\/10420"}],"wp:attachment":[{"href":"https:\/\/salpkids.com\/index.php?rest_route=%2Fwp%2Fv2%2Fmedia&parent=10370"}],"wp:term":[{"taxonomy":"product_cat","embeddable":true,"href":"https:\/\/salpkids.com\/index.php?rest_route=%2Fwp%2Fv2%2Fproduct_cat&post=10370"},{"taxonomy":"product_tag","embeddable":true,"href":"https:\/\/salpkids.com\/index.php?rest_route=%2Fwp%2Fv2%2Fproduct_tag&post=10370"}],"curies":[{"name":"wp","href":"https:\/\/api.w.org\/{rel}","templated":true}]}}