{"id":10654,"date":"2025-04-22T00:21:05","date_gmt":"2025-04-21T21:21:05","guid":{"rendered":"https:\/\/salpkids.com\/?product=ahsap-sapli-olcu-kasigi"},"modified":"2025-06-30T17:54:29","modified_gmt":"2025-06-30T14:54:29","slug":"ahsap-sapli-olcu-kasigi","status":"publish","type":"product","link":"https:\/\/salpkids.com\/?product=ahsap-sapli-olcu-kasigi","title":{"rendered":"Ah\u015fap Sapl\u0131 \u00d6l\u00e7\u00fc Ka\u015f\u0131\u011f\u0131 \/ Paslanmaz \u00c7elik"},"content":{"rendered":"","protected":false},"excerpt":{"rendered":"<p>Zamans\u0131z zarafeti ve i\u015flevselli\u011fi mutfakla bulu\u015fturan bu ah\u015fap sapl\u0131 \u00e7elik \u00f6l\u00e7\u00fc ka\u015f\u0131\u011f\u0131, estetik ve kaliteyi bir araya getiriyor. Paslanmaz \u00e7elik g\u00f6vdesi ile dayan\u0131kl\u0131l\u0131\u011f\u0131 \u00f6n plana \u00e7\u0131karken, ergonomik do\u011fal ah\u015fap sap\u0131, tutu\u015f konforunu \u00fcst seviyeye ta\u015f\u0131yor. Her detay\u0131nda sade bir \u015f\u0131kl\u0131k gizli olan bu \u00f6zel par\u00e7a, sadece bir mutfak gereci de\u011fil, ayn\u0131 zamanda modern mutfaklara karakter katan sofistike bir dokunu\u015f. \u0130ster profesyonel bir \u015fef olun, ister mutfakta keyifli anlar yaratmay\u0131 seven bir lezzet tutkunu; bu \u00f6l\u00e7\u00fc ka\u015f\u0131\u011f\u0131, her tarifinize zarafetle e\u015flik edecek.<\/p>\n<p>Materyal: Paslanmaz \u00c7elik<\/p>\n<p>\u00dcr\u00fcn \u00f6l\u00e7\u00fcs\u00fc: 22.5 cm<\/p>\n","protected":false},"featured_media":10746,"comment_status":"open","ping_status":"closed","template":"","meta":[],"product_cat":[150,143,144,15,131],"product_tag":[],"_links":{"self":[{"href":"https:\/\/salpkids.com\/index.php?rest_route=\/wp\/v2\/product\/10654"}],"collection":[{"href":"https:\/\/salpkids.com\/index.php?rest_route=\/wp\/v2\/product"}],"about":[{"href":"https:\/\/salpkids.com\/index.php?rest_route=\/wp\/v2\/types\/product"}],"replies":[{"embeddable":true,"href":"https:\/\/salpkids.com\/index.php?rest_route=%2Fwp%2Fv2%2Fcomments&post=10654"}],"wp:featuredmedia":[{"embeddable":true,"href":"https:\/\/salpkids.com\/index.php?rest_route=\/wp\/v2\/media\/10746"}],"wp:attachment":[{"href":"https:\/\/salpkids.com\/index.php?rest_route=%2Fwp%2Fv2%2Fmedia&parent=10654"}],"wp:term":[{"taxonomy":"product_cat","embeddable":true,"href":"https:\/\/salpkids.com\/index.php?rest_route=%2Fwp%2Fv2%2Fproduct_cat&post=10654"},{"taxonomy":"product_tag","embeddable":true,"href":"https:\/\/salpkids.com\/index.php?rest_route=%2Fwp%2Fv2%2Fproduct_tag&post=10654"}],"curies":[{"name":"wp","href":"https:\/\/api.w.org\/{rel}","templated":true}]}}