{"id":10711,"date":"2025-04-23T00:57:09","date_gmt":"2025-04-22T21:57:09","guid":{"rendered":"https:\/\/salpkids.com\/?product=ahsap-sapli-patates-ezecegi-paslanmaz-celik"},"modified":"2025-04-25T17:01:49","modified_gmt":"2025-04-25T14:01:49","slug":"ahsap-sapli-patates-ezecegi-paslanmaz-celik","status":"publish","type":"product","link":"https:\/\/salpkids.com\/?product=ahsap-sapli-patates-ezecegi-paslanmaz-celik","title":{"rendered":"Ah\u015fap Sapl\u0131 Patates Ezece\u011fi \/ Paslanmaz \u00c7elik"},"content":{"rendered":"","protected":false},"excerpt":{"rendered":"<p>\u00dcr\u00fcn \u00f6l\u00e7\u00fcs\u00fc: 27 cm<\/p>\n<p>Paslanmaz \u00e7eliktir, sap\u0131 kay\u0131n a\u011fac\u0131ndan \u00fcretilmi\u015ftir.<\/p>\n","protected":false},"featured_media":10809,"comment_status":"open","ping_status":"closed","template":"","meta":[],"product_cat":[150,144,15,131],"product_tag":[],"_links":{"self":[{"href":"https:\/\/salpkids.com\/index.php?rest_route=\/wp\/v2\/product\/10711"}],"collection":[{"href":"https:\/\/salpkids.com\/index.php?rest_route=\/wp\/v2\/product"}],"about":[{"href":"https:\/\/salpkids.com\/index.php?rest_route=\/wp\/v2\/types\/product"}],"replies":[{"embeddable":true,"href":"https:\/\/salpkids.com\/index.php?rest_route=%2Fwp%2Fv2%2Fcomments&post=10711"}],"wp:featuredmedia":[{"embeddable":true,"href":"https:\/\/salpkids.com\/index.php?rest_route=\/wp\/v2\/media\/10809"}],"wp:attachment":[{"href":"https:\/\/salpkids.com\/index.php?rest_route=%2Fwp%2Fv2%2Fmedia&parent=10711"}],"wp:term":[{"taxonomy":"product_cat","embeddable":true,"href":"https:\/\/salpkids.com\/index.php?rest_route=%2Fwp%2Fv2%2Fproduct_cat&post=10711"},{"taxonomy":"product_tag","embeddable":true,"href":"https:\/\/salpkids.com\/index.php?rest_route=%2Fwp%2Fv2%2Fproduct_tag&post=10711"}],"curies":[{"name":"wp","href":"https:\/\/api.w.org\/{rel}","templated":true}]}}