{"id":10712,"date":"2025-04-23T01:03:23","date_gmt":"2025-04-22T22:03:23","guid":{"rendered":"https:\/\/salpkids.com\/?product=ahsap-sapli-cirpici-paslanmaz-celik"},"modified":"2025-04-29T12:17:41","modified_gmt":"2025-04-29T09:17:41","slug":"ahsap-sapli-cirpici-paslanmaz-celik","status":"publish","type":"product","link":"https:\/\/salpkids.com\/?product=ahsap-sapli-cirpici-paslanmaz-celik","title":{"rendered":"Ah\u015fap Sapl\u0131 \u00c7\u0131rp\u0131c\u0131 \/ Paslanmaz \u00c7elik"},"content":{"rendered":"","protected":false},"excerpt":{"rendered":"<p>Zarafetin i\u015flevsellikle bulu\u015ftu\u011fu noktada yer alan bu \u015f\u0131k \u00e7\u0131rp\u0131c\u0131, mutfa\u011f\u0131n\u0131za nostaljik bir dokunu\u015f kat\u0131yor. Do\u011fal ah\u015fap sap\u0131, s\u0131cak ve rustik bir estetik sunarken; paslanmaz \u00e7elikten ustal\u0131kla i\u015flenmi\u015f telleriyle her kar\u0131\u015f\u0131mda m\u00fckemmel k\u0131vam\u0131 yakalaman\u0131z\u0131 sa\u011flar. Ergonomik tasar\u0131m\u0131 sayesinde elinizde sa\u011flam bir tutu\u015f hissi b\u0131rak\u0131r ve uzun s\u00fcreli kullan\u0131mlarda dahi konfor sunar. Hem klasik hem modern mutfaklara zarafet katan bu \u00e7\u0131rp\u0131c\u0131, her tarifin vazge\u00e7ilmez yard\u0131mc\u0131s\u0131d\u0131r.<\/p>\n<p>\u00dcr\u00fcn \u00f6l\u00e7\u00fcs\u00fc: 31 cm<\/p>\n<p>Paslanmaz \u00e7eliktir, sap\u0131 kay\u0131n a\u011fac\u0131ndan \u00fcretilmi\u015ftir.<\/p>\n","protected":false},"featured_media":10811,"comment_status":"open","ping_status":"closed","template":"","meta":[],"product_cat":[150,144,15,131],"product_tag":[],"_links":{"self":[{"href":"https:\/\/salpkids.com\/index.php?rest_route=\/wp\/v2\/product\/10712"}],"collection":[{"href":"https:\/\/salpkids.com\/index.php?rest_route=\/wp\/v2\/product"}],"about":[{"href":"https:\/\/salpkids.com\/index.php?rest_route=\/wp\/v2\/types\/product"}],"replies":[{"embeddable":true,"href":"https:\/\/salpkids.com\/index.php?rest_route=%2Fwp%2Fv2%2Fcomments&post=10712"}],"wp:featuredmedia":[{"embeddable":true,"href":"https:\/\/salpkids.com\/index.php?rest_route=\/wp\/v2\/media\/10811"}],"wp:attachment":[{"href":"https:\/\/salpkids.com\/index.php?rest_route=%2Fwp%2Fv2%2Fmedia&parent=10712"}],"wp:term":[{"taxonomy":"product_cat","embeddable":true,"href":"https:\/\/salpkids.com\/index.php?rest_route=%2Fwp%2Fv2%2Fproduct_cat&post=10712"},{"taxonomy":"product_tag","embeddable":true,"href":"https:\/\/salpkids.com\/index.php?rest_route=%2Fwp%2Fv2%2Fproduct_tag&post=10712"}],"curies":[{"name":"wp","href":"https:\/\/api.w.org\/{rel}","templated":true}]}}