{"id":10883,"date":"2025-07-01T00:55:52","date_gmt":"2025-06-30T21:55:52","guid":{"rendered":"https:\/\/salpkids.com\/?product=akasya-kapakli-6li-cam-baharatlik-seti-300-ml-16-adet-etiket-hediye"},"modified":"2026-01-12T18:49:40","modified_gmt":"2026-01-12T15:49:40","slug":"akasya-kapakli-6li-cam-baharatlik-seti-300-ml-16-adet-etiket-hediye","status":"publish","type":"product","link":"https:\/\/salpkids.com\/?product=akasya-kapakli-6li-cam-baharatlik-seti-300-ml-16-adet-etiket-hediye","title":{"rendered":"Akasya Kapakl\u0131 6\u2019l\u0131 Cam Baharatl\u0131k Seti \/ 300 ML \/ 16 Adet Etiket Hediye"},"content":{"rendered":"","protected":false},"excerpt":{"rendered":"<p data-pm-slice=\"1 1 []\" style=\"font-style: normal;font-weight: 400;letter-spacing: normal;text-align: start;text-indent: 0px;text-transform: none;text-decoration: none\">Zerafetin ve d\u00fczenin mutfa\u011f\u0131n\u0131zdaki yans\u0131mas\u0131\u2026 Do\u011fall\u0131\u011f\u0131n asaletiyle bulu\u015fan Akasya kapakl\u0131 6\u2019l\u0131 cam baharatl\u0131k seti, mutfa\u011f\u0131n\u0131za hem \u015f\u0131kl\u0131k hem de fonksiyonellik kat\u0131yor.; Minimalist tasar\u0131m\u0131, zarif cam yap\u0131s\u0131 ve sa\u011flam akasya a\u011fac\u0131ndan \u00fcretilmi\u015f kapaklar\u0131yla her detay\u0131 \u00f6zenle d\u00fc\u015f\u00fcn\u00fclm\u00fc\u015f bu set, baharatlar\u0131n\u0131z\u0131 taptaze muhafaza etmenin en estetik yolu.; Her biri modern ve sade etiketlerle s\u00fcslenmi\u015f kavanozlar sayesinde mutfa\u011f\u0131n\u0131zda hem \u015f\u0131k bir b\u00fct\u00fcnl\u00fck yakalayabilir hem de pratik bir kullan\u0131m deneyimi ya\u015fayabilirsiniz.; \u00dcstelik setle birlikte gelen 16 adet hediye etiket, baharatlar\u0131n\u0131z\u0131 diledi\u011finiz gibi isimlendirmenize olanak tan\u0131r.; Do\u011fadan ilham alan bu \u00f6zel set, zamans\u0131z bir sadelik ve d\u00fczen arayanlar i\u00e7in vazge\u00e7ilmez bir tercih olacak.; 16 adet etiket g\u00f6nderilmektedir.;<\/p>\n<p data-pm-slice=\"1 1 []\" style=\"font-style: normal;font-weight: 400;letter-spacing: normal;text-align: start;text-indent: 0px;text-transform: none;text-decoration: none\">Hacim: 300 ml<\/p>\n<p data-pm-slice=\"1 1 []\" style=\"font-style: normal;font-weight: 400;letter-spacing: normal;text-align: start;text-indent: 0px;text-transform: none;text-decoration: none\">\u00dcr\u00fcn \u00f6l\u00e7\u00fcs\u00fc: 13&#215;6.5 cm<\/p>\n","protected":false},"featured_media":10880,"comment_status":"open","ping_status":"closed","template":"","meta":[],"product_cat":[15,146,126],"product_tag":[],"_links":{"self":[{"href":"https:\/\/salpkids.com\/index.php?rest_route=\/wp\/v2\/product\/10883"}],"collection":[{"href":"https:\/\/salpkids.com\/index.php?rest_route=\/wp\/v2\/product"}],"about":[{"href":"https:\/\/salpkids.com\/index.php?rest_route=\/wp\/v2\/types\/product"}],"replies":[{"embeddable":true,"href":"https:\/\/salpkids.com\/index.php?rest_route=%2Fwp%2Fv2%2Fcomments&post=10883"}],"wp:featuredmedia":[{"embeddable":true,"href":"https:\/\/salpkids.com\/index.php?rest_route=\/wp\/v2\/media\/10880"}],"wp:attachment":[{"href":"https:\/\/salpkids.com\/index.php?rest_route=%2Fwp%2Fv2%2Fmedia&parent=10883"}],"wp:term":[{"taxonomy":"product_cat","embeddable":true,"href":"https:\/\/salpkids.com\/index.php?rest_route=%2Fwp%2Fv2%2Fproduct_cat&post=10883"},{"taxonomy":"product_tag","embeddable":true,"href":"https:\/\/salpkids.com\/index.php?rest_route=%2Fwp%2Fv2%2Fproduct_tag&post=10883"}],"curies":[{"name":"wp","href":"https:\/\/api.w.org\/{rel}","templated":true}]}}