{"id":8460,"date":"2024-04-04T12:28:13","date_gmt":"2024-04-04T09:28:13","guid":{"rendered":"https:\/\/salpkids.com\/?product=ahsap-kasali-2li-yagdanlik-seti-vintage-etiket"},"modified":"2025-03-14T13:31:15","modified_gmt":"2025-03-14T10:31:15","slug":"ahsap-kasali-2li-yagdanlik-seti-vintage-etiket","status":"publish","type":"product","link":"https:\/\/salpkids.com\/?product=ahsap-kasali-2li-yagdanlik-seti-vintage-etiket","title":{"rendered":"Ah\u015fap Kasal\u0131 2\u2019li Ya\u011fdanl\u0131k Seti \/ Vintage Etiket"},"content":{"rendered":"","protected":false},"excerpt":{"rendered":"<p>Minik \u00e7i\u00e7ek dekor ama\u00e7l\u0131 kullan\u0131lm\u0131\u015ft\u0131r, fiyata dahil de\u011fildir.<\/p>\n<p>Set i\u00e7eri\u011fi:<\/p>\n<p>1 adet ah\u015fap kasa<\/p>\n<p>2 adet ya\u011fdanl\u0131k \/ 750 ml<\/p>\n<p>2 adet damlatmaz ba\u015fl\u0131k<\/p>\n<p>2 adet etiket \/ ay\u00e7i\u00e7ek ya\u011f\u0131-zeytinya\u011f\u0131<\/p>\n<p>Kasa \u00f6l\u00e7\u00fcs\u00fc: 29&#215;11 cm<\/p>\n","protected":false},"featured_media":8465,"comment_status":"open","ping_status":"closed","template":"","meta":[],"product_cat":[15,131,137],"product_tag":[],"_links":{"self":[{"href":"https:\/\/salpkids.com\/index.php?rest_route=\/wp\/v2\/product\/8460"}],"collection":[{"href":"https:\/\/salpkids.com\/index.php?rest_route=\/wp\/v2\/product"}],"about":[{"href":"https:\/\/salpkids.com\/index.php?rest_route=\/wp\/v2\/types\/product"}],"replies":[{"embeddable":true,"href":"https:\/\/salpkids.com\/index.php?rest_route=%2Fwp%2Fv2%2Fcomments&post=8460"}],"wp:featuredmedia":[{"embeddable":true,"href":"https:\/\/salpkids.com\/index.php?rest_route=\/wp\/v2\/media\/8465"}],"wp:attachment":[{"href":"https:\/\/salpkids.com\/index.php?rest_route=%2Fwp%2Fv2%2Fmedia&parent=8460"}],"wp:term":[{"taxonomy":"product_cat","embeddable":true,"href":"https:\/\/salpkids.com\/index.php?rest_route=%2Fwp%2Fv2%2Fproduct_cat&post=8460"},{"taxonomy":"product_tag","embeddable":true,"href":"https:\/\/salpkids.com\/index.php?rest_route=%2Fwp%2Fv2%2Fproduct_tag&post=8460"}],"curies":[{"name":"wp","href":"https:\/\/api.w.org\/{rel}","templated":true}]}}