{"id":9277,"date":"2024-08-07T10:45:49","date_gmt":"2024-08-07T07:45:49","guid":{"rendered":"https:\/\/salpkids.com\/?product=yuvarlak-rattan-kasiklik"},"modified":"2025-01-05T20:14:24","modified_gmt":"2025-01-05T17:14:24","slug":"yuvarlak-rattan-kasiklik","status":"publish","type":"product","link":"https:\/\/salpkids.com\/?product=yuvarlak-rattan-kasiklik","title":{"rendered":"Yuvarlak Rattan Ka\u015f\u0131kl\u0131k"},"content":{"rendered":"","protected":false},"excerpt":{"rendered":"<p>Dayan\u0131kl\u0131 rattan malzemeden \u00fcretilmi\u015ftir.<\/p>\n<p>Boy: 12 cm<\/p>\n<p>\u00c7ap: 11 cm<\/p>\n","protected":false},"featured_media":9289,"comment_status":"open","ping_status":"closed","template":"","meta":[],"product_cat":[15,127,130],"product_tag":[],"_links":{"self":[{"href":"https:\/\/salpkids.com\/index.php?rest_route=\/wp\/v2\/product\/9277"}],"collection":[{"href":"https:\/\/salpkids.com\/index.php?rest_route=\/wp\/v2\/product"}],"about":[{"href":"https:\/\/salpkids.com\/index.php?rest_route=\/wp\/v2\/types\/product"}],"replies":[{"embeddable":true,"href":"https:\/\/salpkids.com\/index.php?rest_route=%2Fwp%2Fv2%2Fcomments&post=9277"}],"wp:featuredmedia":[{"embeddable":true,"href":"https:\/\/salpkids.com\/index.php?rest_route=\/wp\/v2\/media\/9289"}],"wp:attachment":[{"href":"https:\/\/salpkids.com\/index.php?rest_route=%2Fwp%2Fv2%2Fmedia&parent=9277"}],"wp:term":[{"taxonomy":"product_cat","embeddable":true,"href":"https:\/\/salpkids.com\/index.php?rest_route=%2Fwp%2Fv2%2Fproduct_cat&post=9277"},{"taxonomy":"product_tag","embeddable":true,"href":"https:\/\/salpkids.com\/index.php?rest_route=%2Fwp%2Fv2%2Fproduct_tag&post=9277"}],"curies":[{"name":"wp","href":"https:\/\/api.w.org\/{rel}","templated":true}]}}