{"id":9282,"date":"2024-08-07T10:53:54","date_gmt":"2024-08-07T07:53:54","guid":{"rendered":"https:\/\/salpkids.com\/?product=6li-silikon-mutfak-seti"},"modified":"2025-04-08T13:38:59","modified_gmt":"2025-04-08T10:38:59","slug":"6li-silikon-mutfak-seti","status":"publish","type":"product","link":"https:\/\/salpkids.com\/?product=6li-silikon-mutfak-seti","title":{"rendered":"6\u2019l\u0131 Silikon Mutfak Seti"},"content":{"rendered":"","protected":false},"excerpt":{"rendered":"<p><span style=\"font-family: poppins, sans-serif;font-size: 13px;font-style: normal;font-weight: 400;letter-spacing: normal;text-align: left;text-indent: 0px;text-transform: none;text-decoration: none;float: none\"><\/span><\/p>\n<p>Bu zarif silikon mutfak seti, minimalizmin ve fonksiyonelli\u011fin bulu\u015ftu\u011fu bir ba\u015fyap\u0131t gibi g\u00f6r\u00fcn\u00fcyor. \u0130peksi mat dokusu ve n\u00f6tr tonlar\u0131yla her mutfa\u011fa uyum sa\u011flayan bu set, hem estetik hem de pratik bir \u00e7\u00f6z\u00fcm sunuyor. Her bir par\u00e7a, ergonomik tasar\u0131m\u0131yla elinize m\u00fckemmel otururken, ince u\u00e7lu detaylar\u0131yla mutfaktaki her dokunu\u015funuzu hassasla\u015ft\u0131r\u0131yor.<\/p>\n<p><span style=\"font-family: poppins, sans-serif;font-size: 13px;font-style: normal;font-weight: 400;letter-spacing: normal;text-align: left;text-indent: 0px;text-transform: none;text-decoration: none;float: none\">&#8211; Is\u0131ya dayan\u0131kl\u0131 yanmaz yap\u0131\u015fmaz y\u00fcksek kaliteli silikon malzemeden \u00fcretilmi\u015ftir.<\/span><br \/>\n<span style=\"font-family: poppins, sans-serif;font-size: 13px;font-style: normal;font-weight: 400;letter-spacing: normal;text-align: left;text-indent: 0px;text-transform: none;text-decoration: none;float: none\">&#8211; BPA i\u00e7ermeyen sa\u011fl\u0131\u011fa zarars\u0131z silikon maddeden \u00fcretilmi\u015f olup i\u00e7 k\u0131sm\u0131nda \u00e7elik malzeme kullan\u0131lm\u0131\u015ft\u0131r.<\/span><br \/>\n<span style=\"font-family: poppins, sans-serif;font-size: 13px;font-style: normal;font-weight: 400;letter-spacing: normal;text-align: left;text-indent: 0px;text-transform: none;text-decoration: none;float: none\">&#8211; Pi\u015firme malzemelerinin \u00e7izilmesini ve zarar g\u00f6rmesini \u00f6nler.<\/span><br \/>\n<span style=\"font-family: poppins, sans-serif;font-size: 13px;font-style: normal;font-weight: 400;letter-spacing: normal;text-align: left;text-indent: 0px;text-transform: none;text-decoration: none;float: none\">&#8211; 240 \u00b0C kadar&nbsp;y\u00fcksek \u0131s\u0131ya dayan\u0131kl\u0131d\u0131r.<\/span><br \/>\n<span style=\"font-family: poppins, sans-serif;font-size: 13px;font-style: normal;font-weight: 400;letter-spacing: normal;text-align: left;text-indent: 0px;text-transform: none;text-decoration: none;float: none\">&#8211; Bula\u015f\u0131k makinesinde y\u0131kanabilir.<\/span><br \/>\n<span style=\"font-family: poppins, sans-serif;font-size: 13px;font-style: normal;font-weight: 400;letter-spacing: normal;text-align: left;text-indent: 0px;text-transform: none;text-decoration: none;float: none\">&#8211; G\u0131da ile temas\u0131 uygundur.<\/span><\/p>\n","protected":false},"featured_media":10589,"comment_status":"open","ping_status":"closed","template":"","meta":[],"product_cat":[144,15],"product_tag":[],"_links":{"self":[{"href":"https:\/\/salpkids.com\/index.php?rest_route=\/wp\/v2\/product\/9282"}],"collection":[{"href":"https:\/\/salpkids.com\/index.php?rest_route=\/wp\/v2\/product"}],"about":[{"href":"https:\/\/salpkids.com\/index.php?rest_route=\/wp\/v2\/types\/product"}],"replies":[{"embeddable":true,"href":"https:\/\/salpkids.com\/index.php?rest_route=%2Fwp%2Fv2%2Fcomments&post=9282"}],"wp:featuredmedia":[{"embeddable":true,"href":"https:\/\/salpkids.com\/index.php?rest_route=\/wp\/v2\/media\/10589"}],"wp:attachment":[{"href":"https:\/\/salpkids.com\/index.php?rest_route=%2Fwp%2Fv2%2Fmedia&parent=9282"}],"wp:term":[{"taxonomy":"product_cat","embeddable":true,"href":"https:\/\/salpkids.com\/index.php?rest_route=%2Fwp%2Fv2%2Fproduct_cat&post=9282"},{"taxonomy":"product_tag","embeddable":true,"href":"https:\/\/salpkids.com\/index.php?rest_route=%2Fwp%2Fv2%2Fproduct_tag&post=9282"}],"curies":[{"name":"wp","href":"https:\/\/api.w.org\/{rel}","templated":true}]}}