{"id":9460,"date":"2024-09-28T15:54:19","date_gmt":"2024-09-28T12:54:19","guid":{"rendered":"https:\/\/salpkids.com\/?product=2li-akasya-servis-seti"},"modified":"2025-07-01T00:19:56","modified_gmt":"2025-06-30T21:19:56","slug":"2li-akasya-servis-seti","status":"publish","type":"product","link":"https:\/\/salpkids.com\/?product=2li-akasya-servis-seti","title":{"rendered":"2\u2019li Akasya Servis Seti"},"content":{"rendered":"","protected":false},"excerpt":{"rendered":"<p>Sade tasar\u0131m\u0131yla \u015f\u0131kl\u0131\u011f\u0131, dayan\u0131kl\u0131 yap\u0131s\u0131yla uzun \u00f6m\u00fcrl\u00fc kullan\u0131m\u0131 bir araya getiriyor. Salatalar\u0131n\u0131za, makarnalar\u0131n\u0131za ya da sunumlar\u0131n\u0131za do\u011fal bir dokunu\u015f katmak i\u00e7in m\u00fckemmel bir se\u00e7im!<\/p>\n<p>Do\u011fal akasya \u00fcr\u00fcnd\u00fcr.<\/p>\n<p>Uzunluk: 27.5 cm<\/p>\n<p>Ka\u015f\u0131k \u00e7ap\u0131: 7.2 cm<\/p>\n<p>Elde y\u0131kanmas\u0131 \u00f6nerilir.<\/p>\n","protected":false},"featured_media":9528,"comment_status":"open","ping_status":"closed","template":"","meta":[],"product_cat":[144,15,131,146],"product_tag":[],"_links":{"self":[{"href":"https:\/\/salpkids.com\/index.php?rest_route=\/wp\/v2\/product\/9460"}],"collection":[{"href":"https:\/\/salpkids.com\/index.php?rest_route=\/wp\/v2\/product"}],"about":[{"href":"https:\/\/salpkids.com\/index.php?rest_route=\/wp\/v2\/types\/product"}],"replies":[{"embeddable":true,"href":"https:\/\/salpkids.com\/index.php?rest_route=%2Fwp%2Fv2%2Fcomments&post=9460"}],"wp:featuredmedia":[{"embeddable":true,"href":"https:\/\/salpkids.com\/index.php?rest_route=\/wp\/v2\/media\/9528"}],"wp:attachment":[{"href":"https:\/\/salpkids.com\/index.php?rest_route=%2Fwp%2Fv2%2Fmedia&parent=9460"}],"wp:term":[{"taxonomy":"product_cat","embeddable":true,"href":"https:\/\/salpkids.com\/index.php?rest_route=%2Fwp%2Fv2%2Fproduct_cat&post=9460"},{"taxonomy":"product_tag","embeddable":true,"href":"https:\/\/salpkids.com\/index.php?rest_route=%2Fwp%2Fv2%2Fproduct_tag&post=9460"}],"curies":[{"name":"wp","href":"https:\/\/api.w.org\/{rel}","templated":true}]}}